
5
Let r(n) = -7 - 5 + 23*n - n**2 - 3 - 43*n. Let i = 7 + -23. What is the tens digit of r(i)?
4
Suppose 4*a - 2232 = -27*a. What is the tens digit of a?
7
Let j = -528 + 873. What is the hundreds digit of j?
3
Let s = 0 - 2. Suppose 2*b = 6*b - 8, 6 = -n + b. What is the units digit of (n/(-10))/(s/(-10))?
2
Let p(b) = b**3 - 16*b**2 - 16*b + 5. What is the hundreds digit of p(18)?
3
Suppose 2*r = -0*r + 6. Suppose r*q + 0*q = 135. What is the units digit of q?
5
Let b(k) = -k**2 - 3*k - 2. Let x be b(-9). Let j = 162 + x. What is the units digit of j?
6
Suppose -44 = -5*w - 19. Suppose 5*s = w*i - 20, i + 36 = -5*s - 2*i. What is the units digit of 434/7 + (-3 - s)?
5
Let d(h) = h**3 - 15*h**2 - 32*h + 112. What is the units digit of d(23)?
8
Suppose -26 = c - 1592. What is the units digit of ((-1)/3)/((-9)/c)?
8
Let o(m) = -21*m - 189. What is the tens digit of o(-33)?
0
What is the tens digit of ((-199)/4)/((-141)/10716)?
8
Suppose -2*h + 171*i - 169*i = -6814, 0 = -2*i + 2. What is the units digit of h?
8
Let f be ((-18)/(-15))/(2/(20/(-3))). What is the tens digit of -2*10*52/20*f?
0
Let i be (0 - -30)/(5 + -4). Let h be i/8 - (-2)/8. Suppose h*n - 14 - 18 = 0. What is the units digit of n?
8
Suppose 0 = -3*i - 2*h + 17, 4*i + h - 2 - 14 = 0. Let l be 0 + 24*(i + -6). What is the units digit of l/(-4)*3/6?
9
Let d = 31 - 30. Let t be ((-7)/1 + d)/(-2). Let s = 19 - t. What is the units digit of s?
6
Suppose 0 = 25*q - 25652 - 16023. What is the hundreds digit of q?
6
Let p(z) = 363*z**2 - 53*z - 149. What is the tens digit of p(-3)?
7
Suppose -24*t + 6703 = -25937. What is the hundreds digit of t?
3
Let r = -11 + 14. Suppose 2*b - r*f - 238 = 0, -2*b + 5*b = f + 357. What is the units digit of b?
9
Let t(j) = -j**3 - 2*j**2 - 2*j - 3. Let f be t(0). Let c = f + 131. What is the units digit of c?
8
Suppose -7*n - 12 = -6*n. What is the tens digit of (-3 + 1)*162*9/n?
4
Let s(q) = -21*q - 27. What is the hundreds digit of s(-12)?
2
Let i = 46 - -4348. What is the hundreds digit of i?
3
Suppose 0 = -5*s + 41*s - 47124. What is the hundreds digit of s?
3
Let q = -96 + 99. Suppose 2*t = t + q*k + 224, -t + 4*k = -221. What is the units digit of t?
3
Suppose 15*y + 3*y - 3510 = 0. Let j = 386 - y. What is the units digit of j?
1
Suppose -q + 4*m = 10, 0 = -6*m + m + 25. Suppose q*y - 8 = 2. What is the units digit of y?
1
Let u(l) be the first derivative of 3*l**2 + 12*l + 4. What is the units digit of u(5)?
2
Suppose 0 = -2*u - 12 + 2. Let s be 190/u + (-1)/(-1). Let g = 55 + s. What is the tens digit of g?
1
Let g = 6142 - 2463. What is the hundreds digit of g?
6
Let f(g) = g**2 - 2*g - 15*g - 9 - 2*g**2 - g. What is the tens digit of f(-13)?
5
Let v(n) = -n**2 + 21*n - 17. Let x be v(20). Suppose -2*z + 928 = 4*q, -x*q + 0*z = -z - 696. What is the units digit of q?
2
Suppose 5*o - 245 = -a, -125 = -5*o + 3*o + 5*a. Suppose -2*v + 100 = 3*v. Let d = o - v. What is the units digit of d?
0
Let h = 1149 - 590. What is the hundreds digit of h?
5
Suppose 0 = -5*g + 4*n + 2018, -3*n = 1 + 5. Let x = -271 + g. What is the tens digit of x?
3
What is the hundreds digit of (-85)/595 + 501/14*158?
6
Let u = -659 + 1051. What is the hundreds digit of u?
3
Let n be ((-1)/(-3))/((-2)/30). Let c(j) = 4*j + 2. Let h be c(n). Let a = h + 24. What is the units digit of a?
6
Suppose -g - 4*g + 2124 = 4*z, 0 = -5*g + 20. What is the tens digit of z?
2
Suppose 5*i + 2325 = 5*k, 2*k + i = -0*k + 915. What is the tens digit of k?
6
Suppose -n + 4*b + 213 = -b, 806 = 4*n + 3*b. What is the tens digit of n?
0
Let h(w) = -w**3 - 13*w**2 - 7. Let c be h(-13). What is the units digit of 11 + (-1)/(-3)*(c - -13)?
3
Suppose 2*r = -3*x - 9, 0*x - 2*x - 6 = 3*r. Let t = r - 6. Let p(a) = -a**3 - 6*a**2 - 4*a - 1. What is the units digit of p(t)?
3
Suppose 4*x + k = 6 + 44, 0 = 4*k + 8. What is the units digit of x?
3
Let a = -6422 - -9663. What is the thousands digit of a?
3
Suppose -3*q + 5*n + 29 = 0, -4*q = 5*n - 16 - 46. Suppose q*l = 9*l - 124. What is the units digit of l/(-5) + (-11)/55?
6
Suppose 0 = -10*q + 153 - 3. What is the hundreds digit of (-5 - 1675/q)*(-12)/10?
1
What is the tens digit of 922 - (1 - 2 - -9)?
1
Let w(p) = p**3 - 7*p**2 - 8*p + 9. Suppose c = -0*c + 8. What is the units digit of w(c)?
9
Let q be 4764/(-21) - (-4)/(-28). Let a = q + 385. What is the hundreds digit of a?
1
Suppose 0*v + 28 = 2*v. Suppose -5*z + 19 - v = 0. What is the units digit of z?
1
Suppose 2*l = -2*l + 4. Suppose -2*p = 5*b, 3*p = 15*b - 10*b + 25. What is the tens digit of (-85)/p*l*-1?
1
Suppose -3 = -d, -2*s + 3*d + 99 = -1552. Suppose 22*t = 17*t + s. What is the hundreds digit of t?
1
Let y(q) = -2*q**3 - 5*q**2 - 4*q + 1. Let z be y(-4). What is the tens digit of (-3)/75*-5*z?
1
Let u(g) = 61*g + 5. Let k be u(-2). Let i = -67 - k. What is the tens digit of i?
5
Suppose -4*k + 48 + 203 = -3*j, 5*j = -2*k - 375. Let z = j + 120. What is the units digit of z?
3
Suppose 107 = -k + 271. Let w = 317 - k. What is the units digit of w?
3
Suppose 0 = -0*o + 3*o - 18. Suppose 5*n - o*n - 4*w + 25 = 0, 0 = w - 5. Suppose 156 = n*i + 31. What is the units digit of i?
5
Suppose z - 5 = 3*s, -5*z + 25 = 2*s + 3*s. Suppose 0*y + 5*y - 45 = s. What is the units digit of y?
9
Let p(w) = w - 4. Let c be p(10). Let z = 70 - c. What is the units digit of (9/(-2))/((-8)/z)?
6
Suppose 4*x - 9*x = -p - 324, 5*x - 4*p - 336 = 0. What is the units digit of x?
4
Let s(p) = 7*p - 47. Let j be s(7). Suppose c + 0 = -j, 5*f - c - 732 = 0. What is the hundreds digit of f?
1
Suppose 146 = 4*c - 134. What is the units digit of c?
0
Let j be (4 - (10 - 5)) + 1 + 623. Suppose -6*q + 589 + j = 0. What is the hundreds digit of q?
2
Let y = 3169 + -1690. What is the tens digit of y?
7
Let j be 12/(-36) + 752/6. What is the units digit of (j/(-3))/(2/(-6))?
5
Let i be ((-401)/3)/((-16)/48). Suppose -361 = -6*h + i. What is the tens digit of h?
2
Suppose -3*u + 4*z + 71 = 0, -2*u + 49 = -u + 5*z. Let l = -23 + u. Let k(s) = 6*s + 14. What is the units digit of k(l)?
0
Suppose 3*b + 4*u - 109 = 0, 163 = 3*b + 2*b + 2*u. Suppose z - b = 20. What is the units digit of z?
1
Suppose 0 = -3*v - 15, -9153 = -3*j - 2*v + 5*v. What is the hundreds digit of j?
0
What is the tens digit of (-8)/((-6)/138*2)?
9
Suppose 4*c - 5017 = -2*t - 1173, 5*t = -5*c + 9630. What is the hundreds digit of t?
9
Suppose 52*h = 32*h + 75820. What is the units digit of h?
1
Suppose -x + 4*w = 105, -3*x - 171 = -x + 5*w. Let l = x + 181. Let m = -51 + l. What is the units digit of m?
7
Let n(d) = 2*d**2 + 80*d + 68. What is the tens digit of n(-41)?
5
Let b(k) = 12*k**2 - 2*k - 6. Let q be b(3). Suppose -q = 2*u - 6*u. What is the units digit of u?
4
Suppose 0 = -2*h + 5*p - 93, 0*h - h + 4*p = 54. Let y = 117 + h. What is the tens digit of y?
8
Suppose 2577 + 111 = 12*g. What is the units digit of g?
4
Let s(y) be the second derivative of 5*y**3/2 + 3*y**2 + 24*y. What is the units digit of s(1)?
1
Suppose 0*q + 196 = 7*q. Suppose 5*m - q = -s - s, -4*s = 5*m - 26. What is the units digit of m?
6
Suppose 410*i = 423*i - 325. Let v = 8 - 3. Suppose 3*z = v*w - 264, i = w + 4*z - 37. What is the units digit of w?
4
Let p be (-4 - (-3 - 4)) + 1. Suppose -g = p*g + 210. Let c = 60 + g. What is the tens digit of c?
1
Let t be 26/10 + 3 + (-9)/15. Suppose -5*d = -5*i - 920, -t*i + 360 = 2*d - 3*i. What is the hundreds digit of d?
1
Suppose 10*b = 3*b + 63. Let n be 2/b + (-25)/(-9). Suppose -d - 5*o = -34, n*o + 46 = 2*d - 61. What is the tens digit of d?
4
Let k(q) = -10*q - 17. Let w(d) = 1. Let t(m) = k(m) + 5*w(m). What is the units digit of t(-6)?
8
Let w(p) = -381*p**3 + 2*p**2 - p - 3. What is the hundreds digit of w(-1)?
3
Let y(p) = -p**3 - 10*p**2 + 2*p + 23. Let x be y(-10). Suppose -x*b + 388 = -179. What is the hundreds digit of b?
1
Let z(u) = -3*u + 21. Let j be z(14). Let h = j + 81. What is the units digit of h?
0
Let k = -19 + 22. Suppose k*w - y = -41, w - 3*y + 2 = -1. Let p = w + 44. What is the units digit of p?
9
Suppose 10*q - 2 = 9*q. Suppose -a - p = a - 120, q*p = -a + 60. What is the units digit of a?
0
Let i = -2246 + 3213. What is the tens digit of i?
6
Suppose -23*x = -183 - 13778. What is the hundre